{"id":9631,"date":"2025-03-11T09:35:09","date_gmt":"2025-03-11T08:35:09","guid":{"rendered":"https:\/\/martina-gleissenebner-teskey.com\/?post_type=sc_event&#038;p=9631"},"modified":"2025-03-11T09:35:09","modified_gmt":"2025-03-11T08:35:09","slug":"urban-future-conference","status":"publish","type":"sc_event","link":"https:\/\/martina-gleissenebner-teskey.com\/en\/events\/urban-future-konferenz\/","title":{"rendered":"Urban Future Conference"},"content":{"rendered":"<p><a href=\"https:\/\/urban-future.org\/about\/\" target=\"_blank\" rel=\"noopener\">URBAN FUTURE<\/a> is a \"traveling\" conference for the sustainability of cities. In 2025, it will take place in Lodz, Poland, and I would like to open a new thematic thread here: \"Walkable cities\". How should cities develop in order to make walking attractive and <em>possible<\/em> for the residents. <a href=\"https:\/\/martina-gleissenebner-teskey.com\/en\/events\/fashion-show-in-lodz\/\" target=\"_blank\" rel=\"noopener\">Before that, I was a model on the runway of the opening show<\/a>. Details will follow.<\/p>","protected":false},"excerpt":{"rendered":"<p>URBAN FUTURE ist eine &#8222;wandernde&#8220; Konferenz f\u00fcr die Nachhaltigkeit von St\u00e4dten. 2025 findet sie in Lodz, Polen, statt und ich darf hier einen neuen thematischen Strang er\u00f6ffnen, n\u00e4mlich: &#8222;Gehbare St\u00e4dte&#8220;&#8230;.<\/p>","protected":false},"featured_media":0,"template":"","sc_event_category":[12,14],"sc_event_tags":[],"class_list":{"0":"post-9631","1":"sc_event","2":"type-sc_event","3":"status-publish","5":"sc_event_category-public-events","6":"sc_event_category-walk4future-events"},"yoast_head":"<!-- This site is optimized with the Yoast SEO Premium plugin v26.7 (Yoast SEO v27.5) - https:\/\/yoast.com\/product\/yoast-seo-premium-wordpress\/ -->\n<title>Urban Future Konferenz - Martina Gleissenebner-Teskey<\/title>\n<meta name=\"description\" content=\"URBAN FUTURE ist eine &quot;wandernde&quot; Konferenz f\u00fcr die Nachhaltigkeit von St\u00e4dten. 2025 findet sie in Lodz statt und ich leite eine Session.\" \/>\n<meta name=\"robots\" content=\"index, follow, max-snippet:-1, max-image-preview:large, max-video-preview:-1\" \/>\n<link rel=\"canonical\" href=\"https:\/\/martina-gleissenebner-teskey.com\/en\/events\/urban-future-conference\/\" \/>\n<meta property=\"og:locale\" content=\"en_US\" \/>\n<meta property=\"og:type\" content=\"article\" \/>\n<meta property=\"og:title\" content=\"Urban Future Konferenz\" \/>\n<meta property=\"og:description\" content=\"URBAN FUTURE ist eine &quot;wandernde&quot; Konferenz f\u00fcr die Nachhaltigkeit von St\u00e4dten. 2025 findet sie in Lodz statt und ich leite eine Session.\" \/>\n<meta property=\"og:url\" content=\"https:\/\/martina-gleissenebner-teskey.com\/en\/events\/urban-future-conference\/\" \/>\n<meta property=\"og:site_name\" content=\"Martina Gleissenebner-Teskey\" \/>\n<meta property=\"article:publisher\" content=\"https:\/\/www.facebook.com\/martina.gleissenebnerteskey.training\/\" \/>\n<meta name=\"twitter:card\" content=\"summary_large_image\" \/>\n<meta name=\"twitter:label1\" content=\"Est. reading time\" \/>\n\t<meta name=\"twitter:data1\" content=\"1 minute\" \/>\n<script type=\"application\/ld+json\" class=\"yoast-schema-graph\">{\"@context\":\"https:\\\/\\\/schema.org\",\"@graph\":[{\"@type\":\"WebPage\",\"@id\":\"https:\\\/\\\/martina-gleissenebner-teskey.com\\\/events\\\/urban-future-konferenz\\\/\",\"url\":\"https:\\\/\\\/martina-gleissenebner-teskey.com\\\/events\\\/urban-future-konferenz\\\/\",\"name\":\"Urban Future Konferenz - Martina Gleissenebner-Teskey\",\"isPartOf\":{\"@id\":\"https:\\\/\\\/martina-gleissenebner-teskey.com\\\/#website\"},\"datePublished\":\"2025-03-11T08:35:09+00:00\",\"description\":\"URBAN FUTURE ist eine \\\"wandernde\\\" Konferenz f\u00fcr die Nachhaltigkeit von St\u00e4dten. 2025 findet sie in Lodz statt und ich leite eine Session.\",\"breadcrumb\":{\"@id\":\"https:\\\/\\\/martina-gleissenebner-teskey.com\\\/events\\\/urban-future-konferenz\\\/#breadcrumb\"},\"inLanguage\":\"en-US\",\"potentialAction\":[{\"@type\":\"ReadAction\",\"target\":[\"https:\\\/\\\/martina-gleissenebner-teskey.com\\\/events\\\/urban-future-konferenz\\\/\"]}]},{\"@type\":\"BreadcrumbList\",\"@id\":\"https:\\\/\\\/martina-gleissenebner-teskey.com\\\/events\\\/urban-future-konferenz\\\/#breadcrumb\",\"itemListElement\":[{\"@type\":\"ListItem\",\"position\":1,\"name\":\"Startseite\",\"item\":\"https:\\\/\\\/martina-gleissenebner-teskey.com\\\/\"},{\"@type\":\"ListItem\",\"position\":2,\"name\":\"Veranstaltungen\",\"item\":\"https:\\\/\\\/martina-gleissenebner-teskey.com\\\/events\\\/\"},{\"@type\":\"ListItem\",\"position\":3,\"name\":\"Urban Future Konferenz\"}]},{\"@type\":\"WebSite\",\"@id\":\"https:\\\/\\\/martina-gleissenebner-teskey.com\\\/#website\",\"url\":\"https:\\\/\\\/martina-gleissenebner-teskey.com\\\/\",\"name\":\"Martina Gleissenebner-Teskey\",\"description\":\"The Personality Entrepreneur\",\"potentialAction\":[{\"@type\":\"SearchAction\",\"target\":{\"@type\":\"EntryPoint\",\"urlTemplate\":\"https:\\\/\\\/martina-gleissenebner-teskey.com\\\/?s={search_term_string}\"},\"query-input\":{\"@type\":\"PropertyValueSpecification\",\"valueRequired\":true,\"valueName\":\"search_term_string\"}}],\"inLanguage\":\"en-US\"}]}<\/script>\n<!-- \/ Yoast SEO Premium plugin. -->","yoast_head_json":{"title":"Urban Future Conference - Martina Gleissenebner-Teskey","description":"URBAN FUTURE is a \"traveling\" conference for the sustainability of cities. It will take place in Lodz in 2025 and I will be chairing a session.","robots":{"index":"index","follow":"follow","max-snippet":"max-snippet:-1","max-image-preview":"max-image-preview:large","max-video-preview":"max-video-preview:-1"},"canonical":"https:\/\/martina-gleissenebner-teskey.com\/en\/events\/urban-future-conference\/","og_locale":"en_US","og_type":"article","og_title":"Urban Future Konferenz","og_description":"URBAN FUTURE ist eine \"wandernde\" Konferenz f\u00fcr die Nachhaltigkeit von St\u00e4dten. 2025 findet sie in Lodz statt und ich leite eine Session.","og_url":"https:\/\/martina-gleissenebner-teskey.com\/en\/events\/urban-future-conference\/","og_site_name":"Martina Gleissenebner-Teskey","article_publisher":"https:\/\/www.facebook.com\/martina.gleissenebnerteskey.training\/","twitter_card":"summary_large_image","twitter_misc":{"Est. reading time":"1 minute"},"schema":{"@context":"https:\/\/schema.org","@graph":[{"@type":"WebPage","@id":"https:\/\/martina-gleissenebner-teskey.com\/events\/urban-future-konferenz\/","url":"https:\/\/martina-gleissenebner-teskey.com\/events\/urban-future-konferenz\/","name":"Urban Future Conference - Martina Gleissenebner-Teskey","isPartOf":{"@id":"https:\/\/martina-gleissenebner-teskey.com\/#website"},"datePublished":"2025-03-11T08:35:09+00:00","description":"URBAN FUTURE is a \"traveling\" conference for the sustainability of cities. It will take place in Lodz in 2025 and I will be chairing a session.","breadcrumb":{"@id":"https:\/\/martina-gleissenebner-teskey.com\/events\/urban-future-konferenz\/#breadcrumb"},"inLanguage":"en-US","potentialAction":[{"@type":"ReadAction","target":["https:\/\/martina-gleissenebner-teskey.com\/events\/urban-future-konferenz\/"]}]},{"@type":"BreadcrumbList","@id":"https:\/\/martina-gleissenebner-teskey.com\/events\/urban-future-konferenz\/#breadcrumb","itemListElement":[{"@type":"ListItem","position":1,"name":"Startseite","item":"https:\/\/martina-gleissenebner-teskey.com\/"},{"@type":"ListItem","position":2,"name":"Veranstaltungen","item":"https:\/\/martina-gleissenebner-teskey.com\/events\/"},{"@type":"ListItem","position":3,"name":"Urban Future Konferenz"}]},{"@type":"WebSite","@id":"https:\/\/martina-gleissenebner-teskey.com\/#website","url":"https:\/\/martina-gleissenebner-teskey.com\/","name":"Martina Gleissenebner-Teskey","description":"The Personality Entrepreneur","potentialAction":[{"@type":"SearchAction","target":{"@type":"EntryPoint","urlTemplate":"https:\/\/martina-gleissenebner-teskey.com\/?s={search_term_string}"},"query-input":{"@type":"PropertyValueSpecification","valueRequired":true,"valueName":"search_term_string"}}],"inLanguage":"en-US"}]}},"_links":{"self":[{"href":"https:\/\/martina-gleissenebner-teskey.com\/en\/wp-json\/wp\/v2\/sc_event\/9631","targetHints":{"allow":["GET"]}}],"collection":[{"href":"https:\/\/martina-gleissenebner-teskey.com\/en\/wp-json\/wp\/v2\/sc_event"}],"about":[{"href":"https:\/\/martina-gleissenebner-teskey.com\/en\/wp-json\/wp\/v2\/types\/sc_event"}],"version-history":[{"count":2,"href":"https:\/\/martina-gleissenebner-teskey.com\/en\/wp-json\/wp\/v2\/sc_event\/9631\/revisions"}],"predecessor-version":[{"id":9633,"href":"https:\/\/martina-gleissenebner-teskey.com\/en\/wp-json\/wp\/v2\/sc_event\/9631\/revisions\/9633"}],"wp:attachment":[{"href":"https:\/\/martina-gleissenebner-teskey.com\/en\/wp-json\/wp\/v2\/media?parent=9631"}],"wp:term":[{"taxonomy":"sc_event_category","embeddable":true,"href":"https:\/\/martina-gleissenebner-teskey.com\/en\/wp-json\/wp\/v2\/sc_event_category?post=9631"},{"taxonomy":"sc_event_tags","embeddable":true,"href":"https:\/\/martina-gleissenebner-teskey.com\/en\/wp-json\/wp\/v2\/sc_event_tags?post=9631"}],"curies":[{"name":"wp","href":"https:\/\/api.w.org\/{rel}","templated":true}]}}

<p>URBAN FUTURE ist eine &#8222;wandernde&#8220; Konferenz für die Nachhaltigkeit von Städten. 2025 findet sie in Lodz, Polen, statt und ich darf hier einen neuen thematischen Strang eröffnen, nämlich: &#8222;Gehbare Städte&#8220;&#8230;.</p>

<!-- This site is optimized with the Yoast SEO Premium plugin v26.7 (Yoast SEO v27.5) - https://yoast.com/product/yoast-seo-premium-wordpress/ -->
<title>Urban Future Konferenz - Martina Gleissenebner-Teskey</title>
<meta name="description" content="URBAN FUTURE ist eine &quot;wandernde&quot; Konferenz für die Nachhaltigkeit von Städten. 2025 findet sie in Lodz statt und ich leite eine Session." />
<meta name="robots" content="index, follow, max-snippet:-1, max-image-preview:large, max-video-preview:-1" />
<link rel="canonical" href="https://martina-gleissenebner-teskey.com/en/events/urban-future-conference/" />
<meta property="og:locale" content="en_US" />
<meta property="og:type" content="article" />
<meta property="og:title" content="Urban Future Konferenz" />
<meta property="og:description" content="URBAN FUTURE ist eine &quot;wandernde&quot; Konferenz für die Nachhaltigkeit von Städten. 2025 findet sie in Lodz statt und ich leite eine Session." />
<meta property="og:url" content="https://martina-gleissenebner-teskey.com/en/events/urban-future-conference/" />
<meta property="og:site_name" content="Martina Gleissenebner-Teskey" />
<meta property="article:publisher" content="https://www.facebook.com/martina.gleissenebnerteskey.training/" />
<meta name="twitter:card" content="summary_large_image" />
<meta name="twitter:label1" content="Est. reading time" />
	<meta name="twitter:data1" content="1 minute" />
<script type="application/ld+json" class="yoast-schema-graph">{"@context":"https:\/\/schema.org","@graph":[{"@type":"WebPage","@id":"https:\/\/martina-gleissenebner-teskey.com\/events\/urban-future-konferenz\/","url":"https:\/\/martina-gleissenebner-teskey.com\/events\/urban-future-konferenz\/","name":"Urban Future Konferenz - Martina Gleissenebner-Teskey","isPartOf":{"@id":"https:\/\/martina-gleissenebner-teskey.com\/#website"},"datePublished":"2025-03-11T08:35:09+00:00","description":"URBAN FUTURE ist eine \"wandernde\" Konferenz für die Nachhaltigkeit von Städten. 2025 findet sie in Lodz statt und ich leite eine Session.","breadcrumb":{"@id":"https:\/\/martina-gleissenebner-teskey.com\/events\/urban-future-konferenz\/#breadcrumb"},"inLanguage":"en-US","potentialAction":[{"@type":"ReadAction","target":["https:\/\/martina-gleissenebner-teskey.com\/events\/urban-future-konferenz\/"]}]},{"@type":"BreadcrumbList","@id":"https:\/\/martina-gleissenebner-teskey.com\/events\/urban-future-konferenz\/#breadcrumb","itemListElement":[{"@type":"ListItem","position":1,"name":"Startseite","item":"https:\/\/martina-gleissenebner-teskey.com\/"},{"@type":"ListItem","position":2,"name":"Veranstaltungen","item":"https:\/\/martina-gleissenebner-teskey.com\/events\/"},{"@type":"ListItem","position":3,"name":"Urban Future Konferenz"}]},{"@type":"WebSite","@id":"https:\/\/martina-gleissenebner-teskey.com\/#website","url":"https:\/\/martina-gleissenebner-teskey.com\/","name":"Martina Gleissenebner-Teskey","description":"The Personality Entrepreneur","potentialAction":[{"@type":"SearchAction","target":{"@type":"EntryPoint","urlTemplate":"https:\/\/martina-gleissenebner-teskey.com\/?s={search_term_string}"},"query-input":{"@type":"PropertyValueSpecification","valueRequired":true,"valueName":"search_term_string"}}],"inLanguage":"en-US"}]}</script>
<!-- / Yoast SEO Premium plugin. -->

URBAN FUTURE ist eine "wandernde" Konferenz für die Nachhaltigkeit von Städten. 2025 findet sie in Lodz statt und ich leite eine Session.
