{"id":9584,"date":"2025-03-03T19:00:37","date_gmt":"2025-03-03T18:00:37","guid":{"rendered":"https:\/\/martina-gleissenebner-teskey.com\/?post_type=sc_event&#038;p=9584"},"modified":"2025-03-03T19:01:56","modified_gmt":"2025-03-03T18:01:56","slug":"live-podcast-club-of-the-clever","status":"publish","type":"sc_event","link":"https:\/\/martina-gleissenebner-teskey.com\/en\/events\/live-podcast-club-der-cleveren\/","title":{"rendered":"Live podcast: Club of the clever ones"},"content":{"rendered":"<p>Live podcast \"Club der Cleveren\"! Meet me at the O\u00d6N Women's Day on March 7 at the Promenaden Galerien in Linz and be there live for the recording of an episode of \"Club der Cleveren: der O\u00d6N Podcast f\u00fcr pers\u00f6nliches Wachstum\". In the <strong>\"Podcast Lounge\"<\/strong> I am a guest of O\u00d6N editor Elisabeth Eidenberger!<\/p>\n<p>To the event page: <a href=\"https:\/\/www.nachrichten.at\/aktionen\/frauenzeit\/live-podcast-beim-ooen-frauentag;art217067,4030028\" target=\"_blank\" rel=\"noopener\">Live podcast on Women's Day<\/a><\/p>\n<p>&nbsp;<\/p>","protected":false},"excerpt":{"rendered":"<p>Live-Podcast &#8222;Club der Cleveren&#8220;! Treffen Sie mich beim O\u00d6N-Frauentag am 7. M\u00e4rz in den Linzer Promenaden Galerien und seien Sie bei der Aufzeichnung einer Folge von &#8222;Club der Cleveren: der&#8230;<\/p>","protected":false},"featured_media":9585,"template":"","sc_event_category":[12],"sc_event_tags":[],"class_list":{"0":"post-9584","1":"sc_event","2":"type-sc_event","3":"status-publish","4":"has-post-thumbnail","6":"sc_event_category-public-events"},"yoast_head":"<!-- This site is optimized with the Yoast SEO Premium plugin v26.7 (Yoast SEO v27.5) - https:\/\/yoast.com\/product\/yoast-seo-premium-wordpress\/ -->\n<title>Live-Podcast: Club der Cleveren - Martina Gleissenebner-Teskey<\/title>\n<meta name=\"description\" content=\"O\u00d6N Redakteurin Elisabeth Eidenberger von 11:45 Uhr bis 12.30 Uhr\u00a0mit Topmodel Martina Gleissenebner-Teskey.\u00a0\" \/>\n<meta name=\"robots\" content=\"index, follow, max-snippet:-1, max-image-preview:large, max-video-preview:-1\" \/>\n<link rel=\"canonical\" href=\"https:\/\/martina-gleissenebner-teskey.com\/en\/events\/live-podcast-club-of-the-clever\/\" \/>\n<meta property=\"og:locale\" content=\"en_US\" \/>\n<meta property=\"og:type\" content=\"article\" \/>\n<meta property=\"og:title\" content=\"Live-Podcast: Club der Cleveren\" \/>\n<meta property=\"og:description\" content=\"O\u00d6N Redakteurin Elisabeth Eidenberger von 11:45 Uhr bis 12.30 Uhr\u00a0mit Topmodel Martina Gleissenebner-Teskey.\u00a0\" \/>\n<meta property=\"og:url\" content=\"https:\/\/martina-gleissenebner-teskey.com\/en\/events\/live-podcast-club-of-the-clever\/\" \/>\n<meta property=\"og:site_name\" content=\"Martina Gleissenebner-Teskey\" \/>\n<meta property=\"article:publisher\" content=\"https:\/\/www.facebook.com\/martina.gleissenebnerteskey.training\/\" \/>\n<meta property=\"article:modified_time\" content=\"2025-03-03T18:01:56+00:00\" \/>\n<meta property=\"og:image\" content=\"https:\/\/martina-gleissenebner-teskey.com\/wp-content\/uploads\/2025\/03\/Club-der-Cleveren.jpg\" \/>\n\t<meta property=\"og:image:width\" content=\"1200\" \/>\n\t<meta property=\"og:image:height\" content=\"1200\" \/>\n\t<meta property=\"og:image:type\" content=\"image\/jpeg\" \/>\n<meta name=\"twitter:card\" content=\"summary_large_image\" \/>\n<meta name=\"twitter:label1\" content=\"Est. reading time\" \/>\n\t<meta name=\"twitter:data1\" content=\"1 minute\" \/>\n<script type=\"application\/ld+json\" class=\"yoast-schema-graph\">{\"@context\":\"https:\\\/\\\/schema.org\",\"@graph\":[{\"@type\":\"WebPage\",\"@id\":\"https:\\\/\\\/martina-gleissenebner-teskey.com\\\/events\\\/live-podcast-club-der-cleveren\\\/\",\"url\":\"https:\\\/\\\/martina-gleissenebner-teskey.com\\\/events\\\/live-podcast-club-der-cleveren\\\/\",\"name\":\"Live-Podcast: Club der Cleveren - Martina Gleissenebner-Teskey\",\"isPartOf\":{\"@id\":\"https:\\\/\\\/martina-gleissenebner-teskey.com\\\/#website\"},\"primaryImageOfPage\":{\"@id\":\"https:\\\/\\\/martina-gleissenebner-teskey.com\\\/events\\\/live-podcast-club-der-cleveren\\\/#primaryimage\"},\"image\":{\"@id\":\"https:\\\/\\\/martina-gleissenebner-teskey.com\\\/events\\\/live-podcast-club-der-cleveren\\\/#primaryimage\"},\"thumbnailUrl\":\"https:\\\/\\\/martina-gleissenebner-teskey.com\\\/wp-content\\\/uploads\\\/2025\\\/03\\\/Club-der-Cleveren.jpg\",\"datePublished\":\"2025-03-03T18:00:37+00:00\",\"dateModified\":\"2025-03-03T18:01:56+00:00\",\"description\":\"O\u00d6N Redakteurin Elisabeth Eidenberger von 11:45 Uhr bis 12.30 Uhr\u00a0mit Topmodel Martina Gleissenebner-Teskey.\u00a0\",\"breadcrumb\":{\"@id\":\"https:\\\/\\\/martina-gleissenebner-teskey.com\\\/events\\\/live-podcast-club-der-cleveren\\\/#breadcrumb\"},\"inLanguage\":\"en-US\",\"potentialAction\":[{\"@type\":\"ReadAction\",\"target\":[\"https:\\\/\\\/martina-gleissenebner-teskey.com\\\/events\\\/live-podcast-club-der-cleveren\\\/\"]}]},{\"@type\":\"ImageObject\",\"inLanguage\":\"en-US\",\"@id\":\"https:\\\/\\\/martina-gleissenebner-teskey.com\\\/events\\\/live-podcast-club-der-cleveren\\\/#primaryimage\",\"url\":\"https:\\\/\\\/martina-gleissenebner-teskey.com\\\/wp-content\\\/uploads\\\/2025\\\/03\\\/Club-der-Cleveren.jpg\",\"contentUrl\":\"https:\\\/\\\/martina-gleissenebner-teskey.com\\\/wp-content\\\/uploads\\\/2025\\\/03\\\/Club-der-Cleveren.jpg\",\"width\":1200,\"height\":1200,\"caption\":\"Credit: O\u00d6N\"},{\"@type\":\"BreadcrumbList\",\"@id\":\"https:\\\/\\\/martina-gleissenebner-teskey.com\\\/events\\\/live-podcast-club-der-cleveren\\\/#breadcrumb\",\"itemListElement\":[{\"@type\":\"ListItem\",\"position\":1,\"name\":\"Startseite\",\"item\":\"https:\\\/\\\/martina-gleissenebner-teskey.com\\\/\"},{\"@type\":\"ListItem\",\"position\":2,\"name\":\"Veranstaltungen\",\"item\":\"https:\\\/\\\/martina-gleissenebner-teskey.com\\\/events\\\/\"},{\"@type\":\"ListItem\",\"position\":3,\"name\":\"Live-Podcast: Club der Cleveren\"}]},{\"@type\":\"WebSite\",\"@id\":\"https:\\\/\\\/martina-gleissenebner-teskey.com\\\/#website\",\"url\":\"https:\\\/\\\/martina-gleissenebner-teskey.com\\\/\",\"name\":\"Martina Gleissenebner-Teskey\",\"description\":\"The Personality Entrepreneur\",\"potentialAction\":[{\"@type\":\"SearchAction\",\"target\":{\"@type\":\"EntryPoint\",\"urlTemplate\":\"https:\\\/\\\/martina-gleissenebner-teskey.com\\\/?s={search_term_string}\"},\"query-input\":{\"@type\":\"PropertyValueSpecification\",\"valueRequired\":true,\"valueName\":\"search_term_string\"}}],\"inLanguage\":\"en-US\"}]}<\/script>\n<!-- \/ Yoast SEO Premium plugin. -->","yoast_head_json":{"title":"Live podcast: Club der Cleveren - Martina Gleissenebner-Teskey","description":"O\u00d6N editor Elisabeth Eidenberger from 11:45 am to 12:30 pm with top model Martina Gleissenebner-Teskey.\u00a0","robots":{"index":"index","follow":"follow","max-snippet":"max-snippet:-1","max-image-preview":"max-image-preview:large","max-video-preview":"max-video-preview:-1"},"canonical":"https:\/\/martina-gleissenebner-teskey.com\/en\/events\/live-podcast-club-of-the-clever\/","og_locale":"en_US","og_type":"article","og_title":"Live-Podcast: Club der Cleveren","og_description":"O\u00d6N Redakteurin Elisabeth Eidenberger von 11:45 Uhr bis 12.30 Uhr\u00a0mit Topmodel Martina Gleissenebner-Teskey.\u00a0","og_url":"https:\/\/martina-gleissenebner-teskey.com\/en\/events\/live-podcast-club-of-the-clever\/","og_site_name":"Martina Gleissenebner-Teskey","article_publisher":"https:\/\/www.facebook.com\/martina.gleissenebnerteskey.training\/","article_modified_time":"2025-03-03T18:01:56+00:00","og_image":[{"width":1200,"height":1200,"url":"https:\/\/martina-gleissenebner-teskey.com\/wp-content\/uploads\/2025\/03\/Club-der-Cleveren.jpg","type":"image\/jpeg"}],"twitter_card":"summary_large_image","twitter_misc":{"Est. reading time":"1 minute"},"schema":{"@context":"https:\/\/schema.org","@graph":[{"@type":"WebPage","@id":"https:\/\/martina-gleissenebner-teskey.com\/events\/live-podcast-club-der-cleveren\/","url":"https:\/\/martina-gleissenebner-teskey.com\/events\/live-podcast-club-der-cleveren\/","name":"Live podcast: Club der Cleveren - Martina Gleissenebner-Teskey","isPartOf":{"@id":"https:\/\/martina-gleissenebner-teskey.com\/#website"},"primaryImageOfPage":{"@id":"https:\/\/martina-gleissenebner-teskey.com\/events\/live-podcast-club-der-cleveren\/#primaryimage"},"image":{"@id":"https:\/\/martina-gleissenebner-teskey.com\/events\/live-podcast-club-der-cleveren\/#primaryimage"},"thumbnailUrl":"https:\/\/martina-gleissenebner-teskey.com\/wp-content\/uploads\/2025\/03\/Club-der-Cleveren.jpg","datePublished":"2025-03-03T18:00:37+00:00","dateModified":"2025-03-03T18:01:56+00:00","description":"O\u00d6N editor Elisabeth Eidenberger from 11:45 am to 12:30 pm with top model Martina Gleissenebner-Teskey.\u00a0","breadcrumb":{"@id":"https:\/\/martina-gleissenebner-teskey.com\/events\/live-podcast-club-der-cleveren\/#breadcrumb"},"inLanguage":"en-US","potentialAction":[{"@type":"ReadAction","target":["https:\/\/martina-gleissenebner-teskey.com\/events\/live-podcast-club-der-cleveren\/"]}]},{"@type":"ImageObject","inLanguage":"en-US","@id":"https:\/\/martina-gleissenebner-teskey.com\/events\/live-podcast-club-der-cleveren\/#primaryimage","url":"https:\/\/martina-gleissenebner-teskey.com\/wp-content\/uploads\/2025\/03\/Club-der-Cleveren.jpg","contentUrl":"https:\/\/martina-gleissenebner-teskey.com\/wp-content\/uploads\/2025\/03\/Club-der-Cleveren.jpg","width":1200,"height":1200,"caption":"Credit: O\u00d6N"},{"@type":"BreadcrumbList","@id":"https:\/\/martina-gleissenebner-teskey.com\/events\/live-podcast-club-der-cleveren\/#breadcrumb","itemListElement":[{"@type":"ListItem","position":1,"name":"Startseite","item":"https:\/\/martina-gleissenebner-teskey.com\/"},{"@type":"ListItem","position":2,"name":"Veranstaltungen","item":"https:\/\/martina-gleissenebner-teskey.com\/events\/"},{"@type":"ListItem","position":3,"name":"Live-Podcast: Club der Cleveren"}]},{"@type":"WebSite","@id":"https:\/\/martina-gleissenebner-teskey.com\/#website","url":"https:\/\/martina-gleissenebner-teskey.com\/","name":"Martina Gleissenebner-Teskey","description":"The Personality Entrepreneur","potentialAction":[{"@type":"SearchAction","target":{"@type":"EntryPoint","urlTemplate":"https:\/\/martina-gleissenebner-teskey.com\/?s={search_term_string}"},"query-input":{"@type":"PropertyValueSpecification","valueRequired":true,"valueName":"search_term_string"}}],"inLanguage":"en-US"}]}},"_links":{"self":[{"href":"https:\/\/martina-gleissenebner-teskey.com\/en\/wp-json\/wp\/v2\/sc_event\/9584","targetHints":{"allow":["GET"]}}],"collection":[{"href":"https:\/\/martina-gleissenebner-teskey.com\/en\/wp-json\/wp\/v2\/sc_event"}],"about":[{"href":"https:\/\/martina-gleissenebner-teskey.com\/en\/wp-json\/wp\/v2\/types\/sc_event"}],"version-history":[{"count":2,"href":"https:\/\/martina-gleissenebner-teskey.com\/en\/wp-json\/wp\/v2\/sc_event\/9584\/revisions"}],"predecessor-version":[{"id":9587,"href":"https:\/\/martina-gleissenebner-teskey.com\/en\/wp-json\/wp\/v2\/sc_event\/9584\/revisions\/9587"}],"wp:featuredmedia":[{"embeddable":true,"href":"https:\/\/martina-gleissenebner-teskey.com\/en\/wp-json\/wp\/v2\/media\/9585"}],"wp:attachment":[{"href":"https:\/\/martina-gleissenebner-teskey.com\/en\/wp-json\/wp\/v2\/media?parent=9584"}],"wp:term":[{"taxonomy":"sc_event_category","embeddable":true,"href":"https:\/\/martina-gleissenebner-teskey.com\/en\/wp-json\/wp\/v2\/sc_event_category?post=9584"},{"taxonomy":"sc_event_tags","embeddable":true,"href":"https:\/\/martina-gleissenebner-teskey.com\/en\/wp-json\/wp\/v2\/sc_event_tags?post=9584"}],"curies":[{"name":"wp","href":"https:\/\/api.w.org\/{rel}","templated":true}]}}

<p>Live podcast "Club der Cleveren"! Meet me at the OÖN Women's Day on March 7 at the Promenaden Galerien in Linz and be there live for the recording of an episode of "Club der Cleveren: der OÖN Podcast für persönliches Wachstum". In the <strong>"Podcast Lounge"</strong> I am a guest of OÖN editor Elisabeth Eidenberger!</p>
<p>To the event page: <a href="https://www.nachrichten.at/aktionen/frauenzeit/live-podcast-beim-ooen-frauentag;art217067,4030028" target="_blank" rel="noopener">Live podcast on Women's Day</a></p>
<p>&nbsp;</p>

<p>Live-Podcast &#8222;Club der Cleveren&#8220;! Treffen Sie mich beim OÖN-Frauentag am 7. März in den Linzer Promenaden Galerien und seien Sie bei der Aufzeichnung einer Folge von &#8222;Club der Cleveren: der&#8230;</p>

<!-- This site is optimized with the Yoast SEO Premium plugin v26.7 (Yoast SEO v27.5) - https://yoast.com/product/yoast-seo-premium-wordpress/ -->
<title>Live-Podcast: Club der Cleveren - Martina Gleissenebner-Teskey</title>
<meta name="description" content="OÖN Redakteurin Elisabeth Eidenberger von 11:45 Uhr bis 12.30 Uhr mit Topmodel Martina Gleissenebner-Teskey. " />
<meta name="robots" content="index, follow, max-snippet:-1, max-image-preview:large, max-video-preview:-1" />
<link rel="canonical" href="https://martina-gleissenebner-teskey.com/en/events/live-podcast-club-of-the-clever/" />
<meta property="og:locale" content="en_US" />
<meta property="og:type" content="article" />
<meta property="og:title" content="Live-Podcast: Club der Cleveren" />
<meta property="og:description" content="OÖN Redakteurin Elisabeth Eidenberger von 11:45 Uhr bis 12.30 Uhr mit Topmodel Martina Gleissenebner-Teskey. " />
<meta property="og:url" content="https://martina-gleissenebner-teskey.com/en/events/live-podcast-club-of-the-clever/" />
<meta property="og:site_name" content="Martina Gleissenebner-Teskey" />
<meta property="article:publisher" content="https://www.facebook.com/martina.gleissenebnerteskey.training/" />
<meta property="article:modified_time" content="2025-03-03T18:01:56+00:00" />
<meta property="og:image" content="https://martina-gleissenebner-teskey.com/wp-content/uploads/2025/03/Club-der-Cleveren.jpg" />
	<meta property="og:image:width" content="1200" />
	<meta property="og:image:height" content="1200" />
	<meta property="og:image:type" content="image/jpeg" />
<meta name="twitter:card" content="summary_large_image" />
<meta name="twitter:label1" content="Est. reading time" />
	<meta name="twitter:data1" content="1 minute" />
<script type="application/ld+json" class="yoast-schema-graph">{"@context":"https:\/\/schema.org","@graph":[{"@type":"WebPage","@id":"https:\/\/martina-gleissenebner-teskey.com\/events\/live-podcast-club-der-cleveren\/","url":"https:\/\/martina-gleissenebner-teskey.com\/events\/live-podcast-club-der-cleveren\/","name":"Live-Podcast: Club der Cleveren - Martina Gleissenebner-Teskey","isPartOf":{"@id":"https:\/\/martina-gleissenebner-teskey.com\/#website"},"primaryImageOfPage":{"@id":"https:\/\/martina-gleissenebner-teskey.com\/events\/live-podcast-club-der-cleveren\/#primaryimage"},"image":{"@id":"https:\/\/martina-gleissenebner-teskey.com\/events\/live-podcast-club-der-cleveren\/#primaryimage"},"thumbnailUrl":"https:\/\/martina-gleissenebner-teskey.com\/wp-content\/uploads\/2025\/03\/Club-der-Cleveren.jpg","datePublished":"2025-03-03T18:00:37+00:00","dateModified":"2025-03-03T18:01:56+00:00","description":"OÖN Redakteurin Elisabeth Eidenberger von 11:45 Uhr bis 12.30 Uhr mit Topmodel Martina Gleissenebner-Teskey. ","breadcrumb":{"@id":"https:\/\/martina-gleissenebner-teskey.com\/events\/live-podcast-club-der-cleveren\/#breadcrumb"},"inLanguage":"en-US","potentialAction":[{"@type":"ReadAction","target":["https:\/\/martina-gleissenebner-teskey.com\/events\/live-podcast-club-der-cleveren\/"]}]},{"@type":"ImageObject","inLanguage":"en-US","@id":"https:\/\/martina-gleissenebner-teskey.com\/events\/live-podcast-club-der-cleveren\/#primaryimage","url":"https:\/\/martina-gleissenebner-teskey.com\/wp-content\/uploads\/2025\/03\/Club-der-Cleveren.jpg","contentUrl":"https:\/\/martina-gleissenebner-teskey.com\/wp-content\/uploads\/2025\/03\/Club-der-Cleveren.jpg","width":1200,"height":1200,"caption":"Credit: OÖN"},{"@type":"BreadcrumbList","@id":"https:\/\/martina-gleissenebner-teskey.com\/events\/live-podcast-club-der-cleveren\/#breadcrumb","itemListElement":[{"@type":"ListItem","position":1,"name":"Startseite","item":"https:\/\/martina-gleissenebner-teskey.com\/"},{"@type":"ListItem","position":2,"name":"Veranstaltungen","item":"https:\/\/martina-gleissenebner-teskey.com\/events\/"},{"@type":"ListItem","position":3,"name":"Live-Podcast: Club der Cleveren"}]},{"@type":"WebSite","@id":"https:\/\/martina-gleissenebner-teskey.com\/#website","url":"https:\/\/martina-gleissenebner-teskey.com\/","name":"Martina Gleissenebner-Teskey","description":"The Personality Entrepreneur","potentialAction":[{"@type":"SearchAction","target":{"@type":"EntryPoint","urlTemplate":"https:\/\/martina-gleissenebner-teskey.com\/?s={search_term_string}"},"query-input":{"@type":"PropertyValueSpecification","valueRequired":true,"valueName":"search_term_string"}}],"inLanguage":"en-US"}]}</script>
<!-- / Yoast SEO Premium plugin. -->

OÖN editor Elisabeth Eidenberger from 11:45 am to 12:30 pm with top model Martina Gleissenebner-Teskey.

OÖN Redakteurin Elisabeth Eidenberger von 11:45 Uhr bis 12.30 Uhr mit Topmodel Martina Gleissenebner-Teskey.

Credit: OÖN
