{"id":9568,"date":"2025-02-25T11:41:31","date_gmt":"2025-02-25T10:41:31","guid":{"rendered":"https:\/\/martina-gleissenebner-teskey.com\/?post_type=sc_event&#038;p=9568"},"modified":"2025-03-11T09:36:54","modified_gmt":"2025-03-11T08:36:54","slug":"walk4future-2025","status":"publish","type":"sc_event","link":"https:\/\/martina-gleissenebner-teskey.com\/en\/events\/walk4future-2025\/","title":{"rendered":"walk4future 2025"},"content":{"rendered":"<p><img loading=\"lazy\" decoding=\"async\" class=\"alignnone size-full wp-image-9569\" src=\"https:\/\/martina-gleissenebner-teskey.com\/wp-content\/uploads\/2025\/02\/WALK4FUTURe_cut.png\" alt=\"\" width=\"292\" height=\"292\" srcset=\"https:\/\/martina-gleissenebner-teskey.com\/wp-content\/uploads\/2025\/02\/WALK4FUTURe_cut.png 292w, https:\/\/martina-gleissenebner-teskey.com\/wp-content\/uploads\/2025\/02\/WALK4FUTURe_cut-150x150.png 150w, https:\/\/martina-gleissenebner-teskey.com\/wp-content\/uploads\/2025\/02\/WALK4FUTURe_cut-12x12.png 12w, https:\/\/martina-gleissenebner-teskey.com\/wp-content\/uploads\/2025\/02\/WALK4FUTURe_cut-100x100.png 100w, https:\/\/martina-gleissenebner-teskey.com\/wp-content\/uploads\/2025\/02\/WALK4FUTURe_cut-140x140.png 140w\" sizes=\"auto, (max-width: 292px) 100vw, 292px\" \/><\/p>\n<p><strong>Walk MORE - Spend LESS - Invest BETTER!<\/strong><\/p>\n<p>That is the motto of my walk4future2025, which this time goes from Amsterdam via Germany back to Austria.<\/p>\n<p>I have 32 days to do this and one thing is certain: YOU can take part. There will be online opportunities, but also directly on site, for example in Cologne, Frankfurt and Nuremberg.<\/p>","protected":false},"excerpt":{"rendered":"<p>Walk MORE &#8211; Spend LESS &#8211; Invest BETTER! Das ist das Motto meines walk4future2025, der dieses Mal von Amsterdam \u00fcber Deutschland zur\u00fcck nach \u00d6sterreich geht. Ich habe daf\u00fcr 32 Tage&#8230;<\/p>","protected":false},"featured_media":9569,"template":"","sc_event_category":[14],"sc_event_tags":[],"class_list":{"0":"post-9568","1":"sc_event","2":"type-sc_event","3":"status-publish","4":"has-post-thumbnail","6":"sc_event_category-walk4future-events"},"yoast_head":"<!-- This site is optimized with the Yoast SEO Premium plugin v26.7 (Yoast SEO v27.5) - https:\/\/yoast.com\/product\/yoast-seo-premium-wordpress\/ -->\n<title>walk4future 2025 - Martina Gleissenebner-Teskey<\/title>\n<meta name=\"robots\" content=\"index, follow, max-snippet:-1, max-image-preview:large, max-video-preview:-1\" \/>\n<link rel=\"canonical\" href=\"https:\/\/martina-gleissenebner-teskey.com\/en\/events\/walk4future-2025\/\" \/>\n<meta property=\"og:locale\" content=\"en_US\" \/>\n<meta property=\"og:type\" content=\"article\" \/>\n<meta property=\"og:title\" content=\"walk4future 2025\" \/>\n<meta property=\"og:description\" content=\"Walk MORE &#8211; Spend LESS &#8211; Invest BETTER! Das ist das Motto meines walk4future2025, der dieses Mal von Amsterdam \u00fcber Deutschland zur\u00fcck nach \u00d6sterreich geht. Ich habe daf\u00fcr 32 Tage...\" \/>\n<meta property=\"og:url\" content=\"https:\/\/martina-gleissenebner-teskey.com\/en\/events\/walk4future-2025\/\" \/>\n<meta property=\"og:site_name\" content=\"Martina Gleissenebner-Teskey\" \/>\n<meta property=\"article:publisher\" content=\"https:\/\/www.facebook.com\/martina.gleissenebnerteskey.training\/\" \/>\n<meta property=\"article:modified_time\" content=\"2025-03-11T08:36:54+00:00\" \/>\n<meta property=\"og:image\" content=\"https:\/\/martina-gleissenebner-teskey.com\/wp-content\/uploads\/2025\/02\/WALK4FUTURe_cut.png\" \/>\n\t<meta property=\"og:image:width\" content=\"292\" \/>\n\t<meta property=\"og:image:height\" content=\"292\" \/>\n\t<meta property=\"og:image:type\" content=\"image\/png\" \/>\n<meta name=\"twitter:card\" content=\"summary_large_image\" \/>\n<meta name=\"twitter:label1\" content=\"Est. reading time\" \/>\n\t<meta name=\"twitter:data1\" content=\"1 minute\" \/>\n<script type=\"application\/ld+json\" class=\"yoast-schema-graph\">{\"@context\":\"https:\\\/\\\/schema.org\",\"@graph\":[{\"@type\":\"WebPage\",\"@id\":\"https:\\\/\\\/martina-gleissenebner-teskey.com\\\/events\\\/walk4future-2025\\\/\",\"url\":\"https:\\\/\\\/martina-gleissenebner-teskey.com\\\/events\\\/walk4future-2025\\\/\",\"name\":\"walk4future 2025 - Martina Gleissenebner-Teskey\",\"isPartOf\":{\"@id\":\"https:\\\/\\\/martina-gleissenebner-teskey.com\\\/#website\"},\"primaryImageOfPage\":{\"@id\":\"https:\\\/\\\/martina-gleissenebner-teskey.com\\\/events\\\/walk4future-2025\\\/#primaryimage\"},\"image\":{\"@id\":\"https:\\\/\\\/martina-gleissenebner-teskey.com\\\/events\\\/walk4future-2025\\\/#primaryimage\"},\"thumbnailUrl\":\"https:\\\/\\\/martina-gleissenebner-teskey.com\\\/wp-content\\\/uploads\\\/2025\\\/02\\\/WALK4FUTURe_cut.png\",\"datePublished\":\"2025-02-25T10:41:31+00:00\",\"dateModified\":\"2025-03-11T08:36:54+00:00\",\"breadcrumb\":{\"@id\":\"https:\\\/\\\/martina-gleissenebner-teskey.com\\\/events\\\/walk4future-2025\\\/#breadcrumb\"},\"inLanguage\":\"en-US\",\"potentialAction\":[{\"@type\":\"ReadAction\",\"target\":[\"https:\\\/\\\/martina-gleissenebner-teskey.com\\\/events\\\/walk4future-2025\\\/\"]}]},{\"@type\":\"ImageObject\",\"inLanguage\":\"en-US\",\"@id\":\"https:\\\/\\\/martina-gleissenebner-teskey.com\\\/events\\\/walk4future-2025\\\/#primaryimage\",\"url\":\"https:\\\/\\\/martina-gleissenebner-teskey.com\\\/wp-content\\\/uploads\\\/2025\\\/02\\\/WALK4FUTURe_cut.png\",\"contentUrl\":\"https:\\\/\\\/martina-gleissenebner-teskey.com\\\/wp-content\\\/uploads\\\/2025\\\/02\\\/WALK4FUTURe_cut.png\",\"width\":292,\"height\":292},{\"@type\":\"BreadcrumbList\",\"@id\":\"https:\\\/\\\/martina-gleissenebner-teskey.com\\\/events\\\/walk4future-2025\\\/#breadcrumb\",\"itemListElement\":[{\"@type\":\"ListItem\",\"position\":1,\"name\":\"Startseite\",\"item\":\"https:\\\/\\\/martina-gleissenebner-teskey.com\\\/\"},{\"@type\":\"ListItem\",\"position\":2,\"name\":\"Veranstaltungen\",\"item\":\"https:\\\/\\\/martina-gleissenebner-teskey.com\\\/events\\\/\"},{\"@type\":\"ListItem\",\"position\":3,\"name\":\"walk4future 2025\"}]},{\"@type\":\"WebSite\",\"@id\":\"https:\\\/\\\/martina-gleissenebner-teskey.com\\\/#website\",\"url\":\"https:\\\/\\\/martina-gleissenebner-teskey.com\\\/\",\"name\":\"Martina Gleissenebner-Teskey\",\"description\":\"The Personality Entrepreneur\",\"potentialAction\":[{\"@type\":\"SearchAction\",\"target\":{\"@type\":\"EntryPoint\",\"urlTemplate\":\"https:\\\/\\\/martina-gleissenebner-teskey.com\\\/?s={search_term_string}\"},\"query-input\":{\"@type\":\"PropertyValueSpecification\",\"valueRequired\":true,\"valueName\":\"search_term_string\"}}],\"inLanguage\":\"en-US\"}]}<\/script>\n<!-- \/ Yoast SEO Premium plugin. -->","yoast_head_json":{"title":"walk4future 2025 - Martina Gleissenebner-Teskey","robots":{"index":"index","follow":"follow","max-snippet":"max-snippet:-1","max-image-preview":"max-image-preview:large","max-video-preview":"max-video-preview:-1"},"canonical":"https:\/\/martina-gleissenebner-teskey.com\/en\/events\/walk4future-2025\/","og_locale":"en_US","og_type":"article","og_title":"walk4future 2025","og_description":"Walk MORE &#8211; Spend LESS &#8211; Invest BETTER! Das ist das Motto meines walk4future2025, der dieses Mal von Amsterdam \u00fcber Deutschland zur\u00fcck nach \u00d6sterreich geht. Ich habe daf\u00fcr 32 Tage...","og_url":"https:\/\/martina-gleissenebner-teskey.com\/en\/events\/walk4future-2025\/","og_site_name":"Martina Gleissenebner-Teskey","article_publisher":"https:\/\/www.facebook.com\/martina.gleissenebnerteskey.training\/","article_modified_time":"2025-03-11T08:36:54+00:00","og_image":[{"width":292,"height":292,"url":"https:\/\/martina-gleissenebner-teskey.com\/wp-content\/uploads\/2025\/02\/WALK4FUTURe_cut.png","type":"image\/png"}],"twitter_card":"summary_large_image","twitter_misc":{"Est. reading time":"1 minute"},"schema":{"@context":"https:\/\/schema.org","@graph":[{"@type":"WebPage","@id":"https:\/\/martina-gleissenebner-teskey.com\/events\/walk4future-2025\/","url":"https:\/\/martina-gleissenebner-teskey.com\/events\/walk4future-2025\/","name":"walk4future 2025 - Martina Gleissenebner-Teskey","isPartOf":{"@id":"https:\/\/martina-gleissenebner-teskey.com\/#website"},"primaryImageOfPage":{"@id":"https:\/\/martina-gleissenebner-teskey.com\/events\/walk4future-2025\/#primaryimage"},"image":{"@id":"https:\/\/martina-gleissenebner-teskey.com\/events\/walk4future-2025\/#primaryimage"},"thumbnailUrl":"https:\/\/martina-gleissenebner-teskey.com\/wp-content\/uploads\/2025\/02\/WALK4FUTURe_cut.png","datePublished":"2025-02-25T10:41:31+00:00","dateModified":"2025-03-11T08:36:54+00:00","breadcrumb":{"@id":"https:\/\/martina-gleissenebner-teskey.com\/events\/walk4future-2025\/#breadcrumb"},"inLanguage":"en-US","potentialAction":[{"@type":"ReadAction","target":["https:\/\/martina-gleissenebner-teskey.com\/events\/walk4future-2025\/"]}]},{"@type":"ImageObject","inLanguage":"en-US","@id":"https:\/\/martina-gleissenebner-teskey.com\/events\/walk4future-2025\/#primaryimage","url":"https:\/\/martina-gleissenebner-teskey.com\/wp-content\/uploads\/2025\/02\/WALK4FUTURe_cut.png","contentUrl":"https:\/\/martina-gleissenebner-teskey.com\/wp-content\/uploads\/2025\/02\/WALK4FUTURe_cut.png","width":292,"height":292},{"@type":"BreadcrumbList","@id":"https:\/\/martina-gleissenebner-teskey.com\/events\/walk4future-2025\/#breadcrumb","itemListElement":[{"@type":"ListItem","position":1,"name":"Startseite","item":"https:\/\/martina-gleissenebner-teskey.com\/"},{"@type":"ListItem","position":2,"name":"Veranstaltungen","item":"https:\/\/martina-gleissenebner-teskey.com\/events\/"},{"@type":"ListItem","position":3,"name":"walk4future 2025"}]},{"@type":"WebSite","@id":"https:\/\/martina-gleissenebner-teskey.com\/#website","url":"https:\/\/martina-gleissenebner-teskey.com\/","name":"Martina Gleissenebner-Teskey","description":"The Personality Entrepreneur","potentialAction":[{"@type":"SearchAction","target":{"@type":"EntryPoint","urlTemplate":"https:\/\/martina-gleissenebner-teskey.com\/?s={search_term_string}"},"query-input":{"@type":"PropertyValueSpecification","valueRequired":true,"valueName":"search_term_string"}}],"inLanguage":"en-US"}]}},"_links":{"self":[{"href":"https:\/\/martina-gleissenebner-teskey.com\/en\/wp-json\/wp\/v2\/sc_event\/9568","targetHints":{"allow":["GET"]}}],"collection":[{"href":"https:\/\/martina-gleissenebner-teskey.com\/en\/wp-json\/wp\/v2\/sc_event"}],"about":[{"href":"https:\/\/martina-gleissenebner-teskey.com\/en\/wp-json\/wp\/v2\/types\/sc_event"}],"version-history":[{"count":5,"href":"https:\/\/martina-gleissenebner-teskey.com\/en\/wp-json\/wp\/v2\/sc_event\/9568\/revisions"}],"predecessor-version":[{"id":9576,"href":"https:\/\/martina-gleissenebner-teskey.com\/en\/wp-json\/wp\/v2\/sc_event\/9568\/revisions\/9576"}],"wp:featuredmedia":[{"embeddable":true,"href":"https:\/\/martina-gleissenebner-teskey.com\/en\/wp-json\/wp\/v2\/media\/9569"}],"wp:attachment":[{"href":"https:\/\/martina-gleissenebner-teskey.com\/en\/wp-json\/wp\/v2\/media?parent=9568"}],"wp:term":[{"taxonomy":"sc_event_category","embeddable":true,"href":"https:\/\/martina-gleissenebner-teskey.com\/en\/wp-json\/wp\/v2\/sc_event_category?post=9568"},{"taxonomy":"sc_event_tags","embeddable":true,"href":"https:\/\/martina-gleissenebner-teskey.com\/en\/wp-json\/wp\/v2\/sc_event_tags?post=9568"}],"curies":[{"name":"wp","href":"https:\/\/api.w.org\/{rel}","templated":true}]}}

<p>Walk MORE &#8211; Spend LESS &#8211; Invest BETTER! Das ist das Motto meines walk4future2025, der dieses Mal von Amsterdam über Deutschland zurück nach Österreich geht. Ich habe dafür 32 Tage&#8230;</p>

<!-- This site is optimized with the Yoast SEO Premium plugin v26.7 (Yoast SEO v27.5) - https://yoast.com/product/yoast-seo-premium-wordpress/ -->
<title>walk4future 2025 - Martina Gleissenebner-Teskey</title>
<meta name="robots" content="index, follow, max-snippet:-1, max-image-preview:large, max-video-preview:-1" />
<link rel="canonical" href="https://martina-gleissenebner-teskey.com/en/events/walk4future-2025/" />
<meta property="og:locale" content="en_US" />
<meta property="og:type" content="article" />
<meta property="og:title" content="walk4future 2025" />
<meta property="og:description" content="Walk MORE &#8211; Spend LESS &#8211; Invest BETTER! Das ist das Motto meines walk4future2025, der dieses Mal von Amsterdam über Deutschland zurück nach Österreich geht. Ich habe dafür 32 Tage..." />
<meta property="og:url" content="https://martina-gleissenebner-teskey.com/en/events/walk4future-2025/" />
<meta property="og:site_name" content="Martina Gleissenebner-Teskey" />
<meta property="article:publisher" content="https://www.facebook.com/martina.gleissenebnerteskey.training/" />
<meta property="article:modified_time" content="2025-03-11T08:36:54+00:00" />
<meta property="og:image" content="https://martina-gleissenebner-teskey.com/wp-content/uploads/2025/02/WALK4FUTURe_cut.png" />
	<meta property="og:image:width" content="292" />
	<meta property="og:image:height" content="292" />
	<meta property="og:image:type" content="image/png" />
<meta name="twitter:card" content="summary_large_image" />
<meta name="twitter:label1" content="Est. reading time" />
	<meta name="twitter:data1" content="1 minute" />
<script type="application/ld+json" class="yoast-schema-graph">{"@context":"https:\/\/schema.org","@graph":[{"@type":"WebPage","@id":"https:\/\/martina-gleissenebner-teskey.com\/events\/walk4future-2025\/","url":"https:\/\/martina-gleissenebner-teskey.com\/events\/walk4future-2025\/","name":"walk4future 2025 - Martina Gleissenebner-Teskey","isPartOf":{"@id":"https:\/\/martina-gleissenebner-teskey.com\/#website"},"primaryImageOfPage":{"@id":"https:\/\/martina-gleissenebner-teskey.com\/events\/walk4future-2025\/#primaryimage"},"image":{"@id":"https:\/\/martina-gleissenebner-teskey.com\/events\/walk4future-2025\/#primaryimage"},"thumbnailUrl":"https:\/\/martina-gleissenebner-teskey.com\/wp-content\/uploads\/2025\/02\/WALK4FUTURe_cut.png","datePublished":"2025-02-25T10:41:31+00:00","dateModified":"2025-03-11T08:36:54+00:00","breadcrumb":{"@id":"https:\/\/martina-gleissenebner-teskey.com\/events\/walk4future-2025\/#breadcrumb"},"inLanguage":"en-US","potentialAction":[{"@type":"ReadAction","target":["https:\/\/martina-gleissenebner-teskey.com\/events\/walk4future-2025\/"]}]},{"@type":"ImageObject","inLanguage":"en-US","@id":"https:\/\/martina-gleissenebner-teskey.com\/events\/walk4future-2025\/#primaryimage","url":"https:\/\/martina-gleissenebner-teskey.com\/wp-content\/uploads\/2025\/02\/WALK4FUTURe_cut.png","contentUrl":"https:\/\/martina-gleissenebner-teskey.com\/wp-content\/uploads\/2025\/02\/WALK4FUTURe_cut.png","width":292,"height":292},{"@type":"BreadcrumbList","@id":"https:\/\/martina-gleissenebner-teskey.com\/events\/walk4future-2025\/#breadcrumb","itemListElement":[{"@type":"ListItem","position":1,"name":"Startseite","item":"https:\/\/martina-gleissenebner-teskey.com\/"},{"@type":"ListItem","position":2,"name":"Veranstaltungen","item":"https:\/\/martina-gleissenebner-teskey.com\/events\/"},{"@type":"ListItem","position":3,"name":"walk4future 2025"}]},{"@type":"WebSite","@id":"https:\/\/martina-gleissenebner-teskey.com\/#website","url":"https:\/\/martina-gleissenebner-teskey.com\/","name":"Martina Gleissenebner-Teskey","description":"The Personality Entrepreneur","potentialAction":[{"@type":"SearchAction","target":{"@type":"EntryPoint","urlTemplate":"https:\/\/martina-gleissenebner-teskey.com\/?s={search_term_string}"},"query-input":{"@type":"PropertyValueSpecification","valueRequired":true,"valueName":"search_term_string"}}],"inLanguage":"en-US"}]}</script>
<!-- / Yoast SEO Premium plugin. -->

Walk MORE &#8211; Spend LESS &#8211; Invest BETTER! Das ist das Motto meines walk4future2025, der dieses Mal von Amsterdam über Deutschland zurück nach Österreich geht. Ich habe dafür 32 Tage...
